et m(p) = 2*d(p) + 11*z(p). What is the units digit of m(b)?
0
Suppose -2*i + 859 = n, -4*n + 891 = 2*i - 2557. What is the tens digit of n?
6
Let o = -241 - -768. What is the hundreds digit of o?
5
Suppose -5*s + 10 = -95. Suppose -3*x - 2 = -47. Let t = s - x. What is the units digit of t?
6
Let q = 1424 + -1062. What is the units digit of q?
2
Suppose p + 4 + 8 = 0. Let x(f) = -29*f - 50. What is the tens digit of x(p)?
9
Suppose o - 2 = 2. Suppose -g + 0*g + 20 = 3*x, o*x - g - 36 = 0. Suppose -30 = -3*w - 3*u, 0 = w - 5*u + x - 0. What is the units digit of w?
7
Let x be 2/9 - 578/9. Let c = x + 191. What is the units digit of c?
7
Let b(x) = -x**3 + 9*x**2 + 57*x - 15. What is the hundreds digit of b(10)?
4
Suppose -5*i + 2*i + 558 = -3*b, -i - 5*b + 216 = 0. Suppose -16 = 5*n - i. What is the units digit of n?
5
Let b(j) = -j**2 + 11*j + 2. Let x be (20/12)/(2/(-6)). Let m be (x/(-10))/(2/40). What is the units digit of b(m)?
2
Let n be 0 + 8*(-3)/(-6). Let y = n - 1. What is the units digit of y?
3
Suppose 0 = i + 3*z - 16, 10 + 6 = 4*z. Suppose -5*u = 3*h - 153, -196 = -3*h + i*u - 43. What is the units digit of h?
1
What is the tens digit of (-92 + 5)*((-8)/3 + 0)?
3
Suppose 2*x = -3*x + 25. Suppose 0 = -x*b + b + 8. What is the units digit of 31 + 3/(-6)*b?
0
Let t(n) = n**3 - n**2 - 14*n + 54. What is the hundreds digit of t(6)?
1
Suppose 8*p + 0*p = 1632. Suppose 3*b - 4*x - 603 = 0, b - 3*x + 8 = p. What is the tens digit of b?
0
Let k(l) = l + 6. Let j(q) = -5. Let s(f) = 4*j(f) + 3*k(f). What is the units digit of s(9)?
5
Let b be (-1)/(-3) + 365/(-15). Let k = b + 26. Suppose -2*m - 2 = -0*m, 2*a = k*m + 54. What is the tens digit of a?
2
Let f be (-308)/(-49) + 4/(-14). Let w = 15 - 13. Suppose -f*s = -w*s - 5*q - 43, 62 = 5*s + 2*q. What is the units digit of s?
2
What is the units digit of -45*(-12 + 15)*110/(-18)?
5
Let p be 290/(-15)*9/(-2). Let a be 4 - 0/((-4)/2). Suppose -j + a*j = p. What is the units digit of j?
9
Let f(n) = -47*n - 2. Let j be f(-1). What is the units digit of 4/(-6)*j/(-6)?
5
Suppose 2*j + 77 = 5*j - 5*u, -3*u = -j + 27. What is the units digit of j?
4
Let u(k) be the second derivative of -k**5/20 + k**4/4 + k**3/2 - 2*k**2 - 97*k. Let y(w) = w + 10. Let j be y(-8). What is the units digit of u(j)?
6
Suppose -2*c + 81 = -4*t + 3*c, -4*t - 5*c - 31 = 0. Let w(l) = 31 + 25 - 15*l - 55 - l**3 - 15*l**2. What is the tens digit of w(t)?
1
What is the units digit of 11/((-77)/(-28)) - -1050?
4
Let u be 6/(-4) - (3465/10)/(-3). Let v = 182 - u. What is the units digit of v?
8
Let u(l) = 29*l**3 - 2*l**2 - l. Let i be u(-1). Let w be (-1 - -2)/((-3)/i). What is the units digit of (24/w)/((-10)/(-75))?
8
Let n(h) = -h**2 - h + 4. Suppose 4*x + 24 - 4 = 0, 4*x + 23 = -o. Let p be n(o). What is the units digit of (-36)/(-3)*(-1)/p?
6
Suppose 2*q - 853 = -4*t - t, -3*t - q + 511 = 0. Suppose 0 = 2*w - 119 - t. What is the tens digit of w?
4
Suppose 9*c - 13450 = -c. What is the units digit of c?
5
Suppose -76*y = 14340 - 290828. What is the thousands digit of y?
3
Let w be (-1 - -6)*182/(-65). Let c(l) be the second derivative of l**5/20 + 5*l**4/4 + 13*l**3/6 - 11*l**2/2 - l. What is the units digit of c(w)?
3
Let w(u) = -8*u**2 + 86*u - 16. What is the units digit of w(10)?
4
Let s(f) = -2859*f**3 + 4*f**2 - 3*f - 9. What is the units digit of s(-1)?
7
Let u(k) = -19*k + 59 - 59 - k**2 + k**3. What is the units digit of u(6)?
6
Let p = 18 + -12. Suppose -p*h + 224 = -226. What is the units digit of h?
5
Suppose 17*a - 890 = 436. What is the tens digit of a?
7
Let r(a) = 22 + a**2 - 14*a - a - 4. Let k be r(14). Suppose 2*j - 3*j = -k. What is the units digit of j?
4
Let l = -81 - -145. Suppose -2*j = -3*x - 6*j + l, 3*x + 5*j = 68. Suppose -q = -3*q + 2, -x = -d + 4*q. What is the units digit of d?
0
What is the units digit of (((-60)/(-9))/(-4))/((-6)/18)?
5
Let t = -29 + 853. What is the units digit of t?
4
Suppose 4*x - 2*m = 1498, -2*x = -x - 3*m - 362. What is the hundreds digit of x?
3
Let o be (-1)/((-810)/2786 + (-4)/(-14)). Suppose 5*i + 2*h - 540 = -o, 12 = 4*h. What is the tens digit of i?
6
Let t = 17 + 45. Let o = t + 14. What is the tens digit of o?
7
Let f be -7 - 1*(-1)/1. Suppose 15*t = 17*t + 6. What is the units digit of f/2 + 19 - t?
9
Let s be 2/8*-38*-4. Let k = 119 - s. What is the units digit of k?
1
Suppose 13 = z - 4*q - 7, -4*z = 4*q - 120. Let t = z + -28. Suppose t = 3*a - 3*n - 18, -n + 2*n = -5*a + 42. What is the units digit of a?
8
Let w be (10/4 - 4)*24. What is the units digit of (-2)/4 + (-2394)/w?
6
What is the tens digit of ((-658)/((-28)/4))/(3 + -1)?
4
Let z(b) = 2*b**2 + 13*b + 10. Let f be -8 + (4 - 1 - 2). Let x be z(f). Let t = x - 16. What is the units digit of t?
1
Let p be 5 - 2 - 412/2. Let k = 353 + p. What is the tens digit of k?
5
Suppose -2*l + l = -1382. What is the units digit of l?
2
Let a(c) = -2*c + 3. Suppose -231 + 30 = -3*g. Suppose -g = 5*k - 17. What is the units digit of a(k)?
3
What is the tens digit of (-10 - -248)*38/4?
6
Suppose -103 + 29 = -2*v. Suppose m - 28 - v = 0. Suppose m = -0*d + 5*d. What is the units digit of d?
3
Suppose -n - 4*t + 3287 = 122, 5*n - 15781 = 2*t. What is the hundreds digit of n?
1
Suppose 4*z - 73 - 331 = 0. Suppose 2*i - 69 = z. What is the tens digit of i?
8
Let p(i) = i**3 - 5*i**2 + 4*i - 4. Let g = 0 - 1. Let a = g - -6. What is the tens digit of p(a)?
1
Suppose 0 = 2*p + 10*p. Suppose 102*q - 98*q - 4 = p. What is the units digit of q?
1
Let v(j) = 2*j**2 + 7*j. Let p be v(-4). Suppose 43 = -p*g + 211. What is the tens digit of g?
4
Let f = -50 - -47. What is the tens digit of 4 + 47 - (-7 - f)?
5
Let d(f) be the third derivative of f**6/120 - 11*f**5/60 + f**4/6 - 2*f**3/3 - 6*f**2. Let r be d(11). Suppose 0 = -b + 3*b - r. What is the tens digit of b?
2
What is the hundreds digit of ((-6)/4)/(60/(-66680)) - 2?
6
Let a = -150 - -183. What is the units digit of a?
3
Let l = 153 + -163. Let t(w) = -27*w + 41. What is the hundreds digit of t(l)?
3
Let l(r) = 2*r + 23. Let p = 14 - 14. Suppose -3*c + 57 = 3*b, -b + 2*c = -p*b - 28. What is the tens digit of l(b)?
6
Let x = 883 + 2343. What is the hundreds digit of x?
2
Suppose -i + 39 = 4*z + z, 0 = -z - 5. Let u = i - -5. What is the tens digit of u?
6
Let i = 5686 - 3979. What is the hundreds digit of i?
7
Suppose 5*b + w = -3*w + 20, 5*b - 3*w - 20 = 0. Let h be (2 - -1)*26/6. Suppose g + b = h. What is the units digit of g?
9
Let b(q) = q - 3. Let w be b(5). Suppose -w*m = -v + 1 + 2, 5*v - 1 = -4*m. What is the tens digit of -5 + 3 + 17 + m?
1
Let v(a) = -a**3 + 7*a**2 + 10*a - 9. Let h be v(8). Suppose h*o + 51 = 1479. What is the tens digit of o?
0
Let w = -192 - -237. What is the tens digit of w?
4
Let w(q) be the second derivative of 5*q**4/6 - q**3/6 + q**2 - 2*q. Let a(x) = -7*x + 19. Let y be a(3). What is the tens digit of w(y)?
4
Let t be -32*((-9)/(-6) + -2). Suppose 3*g - 80 = -g. Let o = g - t. What is the units digit of o?
4
Suppose 4*p = 8*p. Suppose -y + 7 = -p*y. Suppose -2*i = -0*v + 2*v - 6, -y = -i + 3*v. What is the units digit of i?
4
Suppose -2*t + 13 + 53 = 0. Let l = t + 41. What is the units digit of l?
4
Let t be (700/4)/(1 + 0). What is the units digit of (-2 - -1)*t/(-7)?
5
Suppose -9277 = -14*m + 2483. What is the tens digit of m?
4
Let v(r) = -17*r**3 + r**2 + 3. Let u(a) = -4*a**3 + 4*a**3 - 9*a**3 + a**2 + 2. Let o(n) = -5*u(n) + 3*v(n). What is the units digit of o(-2)?
9
Let k = 4063 - 2237. What is the thousands digit of k?
1
Let o(z) = -z**3 - z**2 - 5*z - 5. Suppose 17*f = 12*f - 15. Let c be o(f). What is the units digit of -7*(80/c)/(-5)?
4
Suppose 45*u = -1994 + 12884. What is the units digit of u?
2
Let x = 16 + -6. Suppose -w = 5*v - x*v + 109, -2*v + 2*w = -42. Suppose -v = -d - 2*d + 2*a, 12 = 3*d + 3*a. What is the units digit of d?
6
Suppose a = 1 + 8. Suppose -4*u + a = -u. Suppose 56 = -d + u*d. What is the units digit of d?
8
Suppose -5*q + 2274 = -2*q. What is the tens digit of q?
5
Let d be ((-4)/5)/((-3)/(22005/6)). What is the units digit of -1 + 6/(36/d)?
2
Let l be (-2 + 5)*412/3. Suppose -h + 5*h - l = 0. What is the hundreds digit of h?
1
Suppose 8*m + 1414 = 5830. What is the units digit of m?
2